 9 = -6*p, -4*p + 21 = 5*b. Suppose 3*o - b*q + 5506 = 0, -2*q = -o - q - 1836. Is o/(-5) + 2/(-5) a composite number?
False
Let a(x) = 15*x**3 - x**2 + 1. Let g(v) = -v**2 + 8*v + 3. Let c be g(8). Suppose -p + 4 = c*p. Is a(p) a composite number?
True
Let z(g) = 68*g**2 - 5*g - 1. Let h be z(-4). Let u be 2/9 - -2667*40/(-135). Let r = u + h. Is r prime?
True
Let x = -75 + -157. Let g = 611 - x. Is g a composite number?
True
Let z(g) = 94*g**2 - g + 1. Let y(t) = t**3 + 7*t**2 + 5*t - 6. Let b be y(-6). Suppose b = 2*i + 4. Is z(i) prime?
True
Suppose 0 = -28*m - 34*m + 1167770. Is m a prime number?
False
Let u(o) be the first derivative of -o**3/3 + o**2 + 3*o - 4. Let m be u(3). Let d(b) = b + 11. Is d(m) a composite number?
False
Let f = -6 - -2. Is 1632 + -3 + (f - -8) a composite number?
True
Let n be -1*9*(-6)/18. Suppose -n*f = f - 1000. Suppose f = 5*g - 15. Is g composite?
False
Suppose 41203 = 14*w - 192807. Is w a prime number?
False
Suppose -5*o + o = 5*g - 6997, 4*o + 1409 = g. Is g a composite number?
True
Suppose 63111 = 11*l + 23104. Is l a composite number?
False
Let o(a) = -235*a - 6. Let t be o(-6). Let f be (0 + 1)/((-6)/t). Let v = -93 - f. Is v prime?
False
Let d = 2480 + -801. Is d a composite number?
True
Is 57/133 + (-225552)/(-21) prime?
False
Suppose 2*b + 2*j - 161 = -j, 5*b + j - 409 = 0. Let r be b + (3 - 2) + 1. Let q = 569 - r. Is q a composite number?
True
Suppose 4 - 12 = -4*y. Suppose -y*h + 6*h = 2*i - 442, -4*h = 2*i - 402. Is i prime?
True
Suppose -i - 120 = -5*l, -3*i + 36 = l + 12. Let b be ((-12)/l)/((-2)/8). Is (22/33)/(b/993) composite?
False
Is ((-12)/8)/(21/(-41482)) composite?
False
Is (-1125 - 2)*-3 + 16/(-4) a prime number?
False
Let q(l) = 2*l + 10. Let v be q(-8). Let a(b) = -b**2 - 7*b - 2. Let y be a(v). Is (-1972)/(-4) - y - 4 a composite number?
True
Let j(m) be the first derivative of -m**2 + 120*m - 11. Let o be j(0). Suppose -4*l + 476 = -o. Is l a composite number?
False
Let x(a) = 2*a + 1. Let b be x(4). Suppose b*d = 3*d + 798. Is d a prime number?
False
Let u(q) = 2*q**3 - 2*q**2 + 3*q - 2. Let r be u(2). Let t = -1343 + 547. Is (t/6)/(r/(-18)) a composite number?
False
Let c(m) = m**2 + 9. Let o be c(-4). Let y = 27 - o. Suppose -a + 185 = y*d, 5*d = -2*a + 6*a - 779. Is a composite?
False
Let j = 21 + -15. Let s(a) = j + 7 - 6*a + 0 - 2*a + 2*a**2. Is s(7) a composite number?
True
Let z = 432 - -227. Is z a prime number?
True
Let c(t) = 46*t - 4. Let u be c(-1). Let m = u + 171. Is m prime?
False
Suppose -2*y + 14 = 2*g + 2*y, y - 5 = 0. Let l(n) = n + 3. Let r be l(g). Let x(j) = -j + 13. Is x(r) prime?
True
Let v(k) = -2 + 76*k + 187*k + 4. Is v(3) a composite number?
True
Let q be 0 - (-178 + 2 + 0). Suppose 0 = 3*k - q - 1045. Is k a composite number?
True
Is (-4)/22 - 11466/(-66)*3 a composite number?
False
Let n(i) = -i**2 + 10*i. Let j be n(10). Suppose -8 = -2*z + d, 5*d + 16 = 2*z - j*z. Suppose z*w = -0*w + 1185. Is w prime?
False
Let c = -17259 + 31366. Is c a composite number?
False
Suppose 60 = -701*y + 713*y. Let j(f) be the third derivative of f**6/24 + f**5/30 + 5*f**4/24 + 7*f**3/6 + f**2. Is j(y) a prime number?
False
Suppose 0 = -m + 1620 + 3713. Is m a prime number?
True
Suppose -4*l - l = 335. Let f = 268 + l. Is f a prime number?
False
Let y = -10887 + 18880. Is y a composite number?
False
Is (-12791)/(((-4)/(-4))/(2 + -3)) a composite number?
False
Suppose 0*a = -2*c - 3*a - 9, 0 = -3*c - a + 4. Suppose -3*b - 1925 = -c*z - 5*b, 0 = -5*z - 3*b + 3208. Is z a composite number?
False
Let w(h) = 28471*h + 368. Is w(3) prime?
True
Suppose 0 = -3*n + 2*j + 134869 - 28878, 4*j + 70658 = 2*n. Is n a prime number?
False
Let f(k) = 9*k**2 - 3*k + 7. Suppose 3 = -2*r + 3*i - 1, 0 = -2*i - 4. Is f(r) prime?
False
Let v = 1211 + -577. Is v a prime number?
False
Let a = -10 + 9. Let n(d) be the first derivative of -267*d**2/2 - 2*d + 2. Is n(a) composite?
True
Let f(i) = 18*i - 13. Let g = 40 - 32. Is f(g) composite?
False
Let s(t) = 107*t + 14. Let r(d) = 36*d + 5. Let p = 1 - -10. Let x(b) = p*r(b) - 4*s(b). Is x(-5) composite?
True
Let q(p) = -9*p - 3. Let r be q(-2). Suppose r*v = 19*v - 2564. Is v a prime number?
True
Let f = 155 + -98. Is f a composite number?
True
Let z = -20 - -23. Let k = -7 - 2. Is ((-40)/12)/(z/k) a composite number?
True
Let i be (-4*2/4)/1. Let k be (-2 + 0)/(i/869). Suppose k = -c + 2*c. Is c a composite number?
True
Let l(k) = -k + 7. Let n be l(5). Suppose n*h + 8 = 1638. Is h a composite number?
True
Suppose 25 = -2*i - 3*i. Let a(q) be the second derivative of q**4/12 - 4*q**3/3 - 5*q**2 - 7*q. Is a(i) prime?
False
Let b be (10/(-1))/(6 - 8). Let s(v) = 2*v**3 - 2*v**2 - 2*v + 1. Is s(b) a prime number?
True
Let f(u) = -11*u**3 + 8*u**2 + 3*u + 5. Let k(g) = g**3 - g**2 - 1. Let m(p) = f(p) + 6*k(p). Suppose 16*n = 9*n - 21. Is m(n) a composite number?
True
Let y(l) = -l**3 - 3*l**2 - 18*l - 17. Let s = -70 - -63. Is y(s) composite?
True
Let h = -78 + 76. Is 2*1/h + (3 - -263) composite?
True
Suppose 4*h = v - 6*v + 880, 0 = 5*h + v - 1100. Let g = 381 - h. Is g composite?
True
Let k(y) = y - 2. Let r be k(6). Suppose 4*j - r*d + 324 = 0, 12 = 4*d - 0*d. Let f = 497 + j. Is f a prime number?
True
Let o(h) = h**2 + h + 12. Let w be o(0). Suppose -3*q = l - 7, 4*l = -5*q + 9 + w. Is 413*(0/2 + q) a composite number?
True
Let z(c) = 12*c**3 + 16*c**2 - 24*c + 59. Is z(6) prime?
True
Suppose 34618 = 4*g - 2*y, -3*g + 20813 = -2*y - 5148. Is g prime?
False
Suppose 4*q = n + 2*q - 1403, 5*n = q + 6988. Is n a composite number?
True
Suppose 0 = -5*j + 22 - 192. Let t = j + 65. Is t a composite number?
False
Let o = 48343 - 22610. Is o composite?
False
Suppose 0*f = -3*f + 2*z + 117903, 0 = -2*z - 6. Is f a prime number?
False
Suppose 2*b - 2 - 12 = 3*x, 49 = 5*b - 4*x. Let f = b + -18. Let a(y) = -79*y + 6. Is a(f) composite?
False
Suppose -10*g = -50*g + 616040. Is g prime?
True
Suppose 0 = 3*r - 0*r - 27. Let s be 16/72 + 2428/r. Suppose -3*c + 88 = m, 4*m - s - 58 = -4*c. Is m prime?
True
Let q be 2 + (-2)/(-1)*1. Is (2 - 1) + 1012/q a composite number?
True
Let c be (234/8)/(2/8). Let i be (17 - 7)*(-4)/(-10). Suppose c - 13 = i*x. Is x prime?
False
Let u = 29 - 13. Is u/32 + 85/2 prime?
True
Suppose 0 = -4*o - 3*l - 449 + 2137, 0 = l - 4. Is o a prime number?
True
Let g be 10/(-15)*(0 + 3). Let l(n) = -315*n + 5. Is l(g) prime?
False
Suppose 8*s - 21 = s. Suppose -s*i + 5 + 94 = 0. Is (-562)/(-5) - i/(-55) a prime number?
True
Let q = 24 + -20. Let f be -6 - (q + -8) - -1120. Is -2 - (f/(-2) + 4) a prime number?
False
Let i(s) be the first derivative of 12*s + 19*s**2 + 6*s - 2*s - s + 5. Is i(8) composite?
True
Is 5*-16319*((-57)/(-15))/(-19) a composite number?
False
Let h be (-3)/7 + 2068/7. Suppose -5*r + 10*r - h = 0. Suppose b - r - 50 = 0. Is b composite?
False
Let v = 3614 - 1187. Let b = v - 1718. Is b a composite number?
False
Suppose -5*r + 8*r = 30. Suppose 0 = 2*d - r, 1134 = 2*i + 7*d - 3*d. Is i prime?
True
Let v(w) = -65*w**3 - 5*w**2 - w - 1. Is v(-2) a composite number?
True
Is (-4)/(((-3)/(-6))/(6236/(-16))) prime?
False
Let u(y) = -72*y**3 + y + 1. Let k be u(-1). Suppose -4 - 53 = -3*g. Let b = g + k. Is b composite?
True
Suppose 18 = 3*z + 4*a - 4, 0 = -4*z + 3*a - 4. Suppose z*y + 3*y + 10 = 0. Is (-258 + 1)*(y + 1) composite?
False
Let s(w) = w**3 + 4*w**2 - 5*w + 3. Let x be s(-5). Suppose 0 = d + 2 - x. Is (d - -222) + 2 + -2 a composite number?
False
Suppose 4*a + 2*i = -2*i + 32, -2*i + 8 = 0. Suppose -2*p + 6*p - 3673 = 5*l, a = -4*l. Is p a composite number?
True
Suppose 584515 = -117*l + 3978568. Is l a prime number?
True
Let p(i) = 2*i**3 + 3*i**2 - 2*i - 8. Let j(u) = -4*u**3 - 6*u**2 + 5*u + 17. Let t(s) = 3*j(s) + 7*p(s). Is t(7) a prime number?
False
Let b be 6/(-10) - 1566*(-10)/(-25). Let i = b - -985. Is i a composite number?
True
Let x(j) = 3*j**2 + 13*j - 3. Suppose -28 = 7*m - 3*m. Is x(m) prime?
True
Let d be (20/(-16))/((-2)/32). Suppose -z = -r + 7, -5*z + 3*r = r + d. Let i(p) = -63*p**3 + 4*p**2 + 2*p - 1. Is i(z) a composite number?
True
Is (738/(-72))/((-2)/3832) a prime number?
False
Let h = 4 + 0. Let j(w) = 1182*w + 11. Is j(h) a prime number?
False
Let r(g) = 4*g**2 + 11*g - 45. L